t is 0 + 15413?
15413
In base 7, what is 13564502 + 4?
13564506
In base 15, what is 7241 - -5?
7246
In base 11, what is -232 - -167?
-76
In base 6, what is -14042431 + 3?
-14042424
In base 13, what is -38cc9c + -1?
-38cca0
In base 9, what is 12202 - 5?
12186
In base 3, what is -11011 - -222101?
211020
In base 12, what is 176 + -684?
-50a
In base 2, what is 0 - -1010110011011011?
1010110011011011
In base 12, what is -7759 + 2?
-7757
In base 7, what is 11 - 32150?
-32136
In base 7, what is 124 + -5214?
-5060
In base 14, what is -304d6 - 3?
-304d9
In base 7, what is 22 + 111206?
111231
In base 4, what is 202311 - -1033?
210010
In base 6, what is -2152213 - -1?
-2152212
In base 16, what is 5 - 5da3?
-5d9e
In base 11, what is -25 - -1140?
1116
In base 10, what is 530 + 82?
612
In base 6, what is 23432 - -10?
23442
In base 6, what is -2 - 11111211?
-11111213
In base 14, what is -26 - -42?
1a
In base 3, what is 1012 + -221111?
-220022
In base 4, what is 2 - 112101222?
-112101220
In base 2, what is -1000001101 - -100001100?
-100000001
In base 2, what is 10011000 + -11011110011?
-11001011011
In base 14, what is 779 - -3c?
7b7
In base 6, what is 303523 - 14?
303505
In base 8, what is -11024 + 6?
-11016
In base 2, what is -10110000101 + -111000110?
-11101001011
In base 12, what is -1a8a9 + 1?
-1a8a8
In base 11, what is 614 - -5?
619
In base 15, what is 1 - -748ad?
748ae
In base 3, what is 10001022011120 - -11?
10001022011201
In base 11, what is 88 + -7839?
-7761
In base 15, what is -8 + 626?
61d
In base 8, what is 1223 + -1?
1222
In base 12, what is -1863 - 277?
-1b1a
In base 3, what is -1001 + 2002002?
2001001
In base 16, what is -e70 - -3?
-e6d
In base 7, what is 12 + 4005524?
4005536
In base 4, what is -230120 + 301?
-223213
In base 13, what is -254c - -67?
-24b5
In base 14, what is -1 - 275a?
-275b
In base 6, what is 11535 + -230?
11305
In base 7, what is -3 + -135653?
-135656
In base 5, what is 0 - -41201?
41201
In base 11, what is -6 - 359?
-364
In base 5, what is -2432031 + -10?
-2432041
In base 14, what is 8 + -2b1?
-2a7
In base 5, what is 10 - -1004331401?
1004331411
In base 16, what is 6a0 - -a3?
743
In base 12, what is -2b + -211?
-240
In base 13, what is -420a + 28?
-41b2
In base 13, what is -1045 - 132?
-1177
In base 13, what is b - -5042?
5050
In base 2, what is -11 + -10011111101111?
-10011111110010
In base 8, what is -360 - 66?
-446
In base 14, what is -7 + -1764?
-176b
In base 13, what is 73aa94 + 3?
73aa97
In base 6, what is 11 - 54551?
-54540
In base 12, what is -15011 + 3?
-1500a
In base 16, what is 1 - 24b2?
-24b1
In base 3, what is 112112021 - 110?
112111211
In base 8, what is 3 + 625076?
625101
In base 2, what is 11000 - -111101111010?
111110010010
In base 14, what is 3c + -d30?
-cd2
In base 15, what is -e8 - 8c?
-185
In base 14, what is 2bb - -1494?
1771
In base 5, what is -1044 + -323?
-1422
In base 14, what is -6 - 1d2757?
-1d275d
In base 16, what is -57 + -1779?
-17d0
In base 4, what is 20002111 - -13?
20002130
In base 5, what is 121 - -112003?
112124
In base 2, what is -10100011101100000 - 1110?
-10100011101101110
In base 10, what is 11601 - 4?
11597
In base 3, what is 1002 + -2200101021?
-2200100012
In base 10, what is -55 - -485?
430
In base 15, what is 336d + 1c?
338a
In base 3, what is -1 + 210011000?
210010222
In base 14, what is -4 + 7324?
7320
In base 10, what is 24666 - 3?
24663
In base 16, what is -62b8 + 2?
-62b6
In base 3, what is -1100200 + -122120?
-2000020
In base 16, what is 96 - 1ab2?
-1a1c
In base 11, what is -237 + 21?
-216
In base 15, what is 15453 + 2?
15455
In base 15, what is 2e6 + -287?
5e
In base 5, what is -314314 + 40?
-314224
In base 10, what is -82 + -1898?
-1980
In base 12, what is 1 + 776b9?
776ba
In base 2, what is -11 + -10011010011110100000?
-10011010011110100011
In base 10, what is -45612 + -39?
-45651
In base 11, what is -999 - 1492?
-2380
In base 2, what is 0 + 1000011111110001?
1000011111110001
In base 2, what is 100111000 - -100000101111?
100101100111
In base 13, what is 6329 - -5?
6331
In base 10, what is 465 - 83?
382
In base 13, what is 536 - -647?
b80
In base 4, what is -31 + 31310303?
31310212
In base 2, what is -1100000101 + 1111011?
-1010001010
In base 16, what is -1d98b - 4?
-1d98f
In base 12, what is -15b10 - -5?
-15b07
In base 6, what is -40144 - -25?
-40115
In base 16, what is -360 + 7?
-359
In base 3, what is 1010021 + -120?
1002201
In base 14, what is 6aa - d5?
5b5
In base 15, what is 227d5 - -4?
227d9
In base 7, what is -206602 - -2?
-206600
In base 5, what is 11043034 - -4?
11043043
In base 11, what is -2a8 + -71?
-369
In base 5, what is -1141 + 33100?
31404
In base 7, what is 552125 + 0?
552125
In base 15, what is -1428 - -6?
-1422
In base 2, what is -100 + 1000011110010000100?
1000011110010000000
In base 6, what is 123411 - 13?
123354
In base 7, what is -20 + -414544?
-414564
In base 15, what is 17e2 - -13a?
192c
In base 3, what is 10 - 2200222212011?
-2200222212001
In base 10, what is -16541 + -39?
-16580
In base 2, what is 1001010100011110 - 1010100?
1001010011001010
In base 12, what is 18ba36 - -4?
18ba3a
In base 4, what is -1220223 - 101?
-1220330
In base 9, what is 2 - -115756?
115758
In base 10, what is 7 + -19895?
-19888
In base 9, what is -2408 + 6?
-2402
In base 10, what is 38 + -6733?
-6695
In base 5, what is 0 - -21400142?
21400142
In base 6, what is 30343 - -24?
30411
In base 6, what is 203 + -1241?
-1034
In base 14, what is a - bc40?
-bc34
In base 15, what is d - 2d0d?
-2d00
In base 11, what is -9 + -986?
-994
In base 16, what is 47f4 - 6a?
478a
In base 3, what is 1 - -1100211222?
1100212000
In base 14, what is 10 + -1a1b9?
-1a1a9
In base 2, what is -1010 - -10001111001110?
10001111000100
In base 15, what is 419 + 17?
431
In base 10, what is 90 - 1347?
-1257
In base 14, what is 130 + -39c?
-26c
In base 2, what is 0 + -1010101011110?
-1010101011110
In base 6, what is 0 - -555411?
555411
In base 4, what is 10 - -31011021?
31011031
In base 4, what is 3 + -11303232?
-11303223
In base 6, what is -12 + 4532?
4520
In base 16, what is -5 - 4f42?
-4f47
In base 11, what is -5a656 + 9?
-5a648
In base 10, what is 194 - -122?
316
In base 15, what is -4 - -ea354?
ea350
In base 15, what is 4513 + 4?
4517
In base 7, what is -526255 + 0?
-526255
In base 14, what is -46 + -191d?
-1965
In base 13, what is 2 - 22c3c?
-22c3a
In base 2, what is -1100001111010111 - -101110?
-1100001110101001
In base 11, what is -10692 + -1?
-10693
In base 13, what is -14cb - 1?
-14cc
In base 11, what is 9 + -1815a5?
-181597
In base 6, what is -2153555 + 10?
-2153545
In base 9, what is 0 - -87486?
87486
In base 15, what is -d99e - 2?
-d9a1
In base 10, what is 2 + -114033?
-114031
In base 2, what is -100 + 100110111011001?
100110111010101
In base 2, what is -100010 + -10001110011100?
-10001110111110
In base 14, what is -30390 - -3?
-3038b
In base 4, what is -10 + -3212220?
-3212230
In base 6, what is 10235 - 1514?
4321
In base 12, what is 5 - 227480?
-227477
In base 12, what is a27180 - 3?
a27179
In base 4, what is 223122 - 132?
222330
In base 16, what is -2a + -3c6?
-3f0
In base 12, what is 26b8 + 53?
274b
In base 8, what is -56267 - 5?
-56274
In base 4, what is 20133102 - -220?
20133322
In base 6, what is 11520 + 15?
11535
In base 10, what is 150 + 5710?
5860
In base 10, what is -21315 + -4?
-21319
In base 5, what is -132 + 3211?
3024
In base 16, what is -8 - 155ed?
-155f5
In base 10, what is -2041 - -85?
-1956
In base 11, what is 2127a + -8?
21272
In base 16, what is 14f - -2e3?
432
In base 2, what is -100010000010110011 - 1110?
-100010000011000001
In base 3, what is 1112212022 + 11102?
1120000201
In base 15, what is -5 + 243e?
2439
In base 2, what is 10010010110100101001 - -1?
10010010110100101010
In base 16, what is 636 + -43?
5f3
In base 14, what is 15246 + 2?
15248
In base 3, what is 12012210121 - 1?
12012210120
In base 15, what is -9c - 1e0?
-28c
In base 4, what is -2 - 1233323?
-1233331
In base 9, what is -2 - 233165?
-233167
In base 12, what is -76513 - 1a?
-76531
In base 16, what is -1 - cd94?
-cd95
In base 14, what is -5 - -3aac?
3aa7
In base 7, what is -3 + 236533?
236530
In base 3, what is 12121202010 - -2?
12121202012
In base 10, what is -4 - 291683?
-291687
In base 13, what is -16